t a(d) = -d**2 + 7*d + 8. Let t be a(6). Let i be (-2)/(4/(-3))*-32. Let g = 76 + i. Calculate the highest common divisor of g and t.
14
Let l(p) = -8*p**3 - p - 1. Let z be l(-1). Let u = 11 - 8. Let b = -2 + u. What is the greatest common factor of z and b?
1
Suppose 3*o = 4*v + 76 + 20, 125 = 5*o + 5*v. Let j(r) = -11*r + 5. Let s be j(-4). Suppose s + 35 = 2*c. Calculate the highest common factor of o and c.
14
Let l(s) = -s**3 + 2*s**2 + 5*s - 7. Let o be l(2). Let f = 1 + 8. What is the highest common factor of f and o?
3
Suppose k - 3*j = -5, 2*j = 1 + 5. Let n = 105 + -67. Let z = -26 + n. Calculate the greatest common factor of z and k.
4
Suppose -10 = -3*i - 1. Suppose -3*b + 7*b = 528. Suppose 3*z = -z + b. What is the highest common divisor of i and z?
3
Let k = 257 - 86. Calculate the highest common factor of 19 and k.
19
Let c(i) = -i**3 - 8*i**2 - 11*i - 4. Let z be c(-7). What is the highest common factor of z and 72?
24
Let a(n) = 40*n**2 + n + 1. Let z be a(-1). Suppose 3*d + 24 = t, 0*t = 3*t - d - z. Calculate the greatest common factor of 84 and t.
12
Suppose b + 0*t + t = 35, 5 = -5*t. What is the greatest common divisor of 9 and b?
9
Suppose -3*j - 3*q + 5*q + 52 = 0, 0 = -2*j + 3*q + 43. Let g = j + 20. Calculate the highest common divisor of 85 and g.
17
Let c(l) = l**3 - 2*l**2 + l - 2. Let d be c(4). Calculate the greatest common factor of 136 and d.
34
Let p = -6 - -8. Let q = 14 + p. Suppose -124 - 36 = -4*t. Calculate the greatest common factor of t and q.
8
Let y = -2 + 4. Suppose y*u + 132 = -2*u. Let h = u + 63. Calculate the highest common factor of 20 and h.
10
Let p = -55 + 100. What is the greatest common divisor of p and 18?
9
Suppose c - 5 = 2*s, s - 5 = 2*c - 3*c. What is the greatest common divisor of c and 40?
5
Let z be ((-3)/(-6))/(1/26). What is the greatest common divisor of z and 221?
13
Suppose -s - 2 = -56. Let q(c) = -9*c + 69. Let o be q(7). Calculate the greatest common divisor of s and o.
6
Let y be (1 - 2)/((-1)/24). Suppose 0 = l - 2*t + 3*t + 1, -4*l + 2 = 2*t. Suppose -l*q + 22 = -2. What is the highest common divisor of q and y?
12
Suppose 5 = -x - 2*o, x + o + 1 = -1. What is the greatest common divisor of x and 3?
1
Suppose -j = -m - 3*m + 16, 5*m = -j + 11. Let g be (-1)/(m/(-459)*1). Let o = 219 - g. What is the greatest common divisor of 6 and o?
6
Suppose 0 = -4*l + 3*l + 7. Let x(f) = f**2 - 5*f + 20. Let a be x(9). What is the greatest common factor of a and l?
7
Let o = 8 - 3. Let x(w) = w**2 - 4*w - 2. Let h be x(o). Let z(a) = 9*a**3 + 5*a**2 - 5*a + 2. Let b be z(h). Calculate the greatest common divisor of 25 and b.
25
Suppose 13 - 57 = -4*k. Let m = -313 + 521. Suppose 2*y - 5*u - 64 = y, 0 = 5*y + 3*u - m. Calculate the greatest common factor of k and y.
11
Let b(r) = -7*r**3 + r**2 - r - 1. Let m be b(-1). Suppose 5*w - 6*w - 59 = 0. Let z = 139 + w. Calculate the greatest common factor of z and m.
8
Suppose 25 = 2*d + 7. Let z = 70 - 23. Suppose 2*k - 7 = z. What is the greatest common factor of k and d?
9
Let z = -34 - -40. Calculate the greatest common divisor of 2 and z.
2
Let g(n) = n**3 + n + 3. Let z be g(-3). Let s = -19 - z. Let u be 2/8 + 78/s. What is the greatest common factor of u and 90?
10
Suppose -x = 4, -4*x - 52 = -4*w - 7*x. Calculate the greatest common factor of w and 48.
16
Suppose 172 = -j + 5*j. Let u = -22 + j. Calculate the highest common factor of u and 147.
21
Let p(i) = -i + 12. Suppose 12 - 32 = -4*z. Let d be p(z). Calculate the greatest common factor of d and 77.
7
Let g = -32 - -68. Let h be 40/6*g/15. Calculate the greatest common divisor of h and 80.
16
Suppose -2*s + 4*o + 120 = 2*s, -o + 3 = 0. Let v = -5 + s. What is the highest common divisor of 4 and v?
4
Suppose -72 = -4*u + 80. Calculate the greatest common divisor of u and 95.
19
Suppose 4*n + 100 = 8*n. Suppose f - n = 1. What is the greatest common factor of f and 52?
26
Suppose 5*v - 180 - 20 = 0. Suppose 5*a + 30 - 114 = 4*x, 0 = 3*a + 5*x - 43. Calculate the greatest common factor of a and v.
8
Let r(t) = -2*t + 7. Let n be r(-7). Suppose -6*y + 9*y = 0. Suppose y = 4*b + 5 - n. What is the greatest common factor of b and 4?
4
Let o be (0 - (-8)/(-12))*3 - -4. What is the greatest common divisor of 16 and o?
2
Suppose -h + 0 = -3, 5*h - 290 = -5*o. Let z be (1 - (-265)/10)*(-12)/(-15). Calculate the highest common factor of o and z.
11
Let j = -94 - -270. Let g be 15/(-10)*2 - -25. What is the greatest common divisor of j and g?
22
Let y(l) = l**3 + 2*l**2 - 4*l + 2. Let f be y(2). Let k(g) = 8*g - 15. Let d be k(f). Calculate the greatest common divisor of d and 13.
13
Let x be 3/(-4) - (-2478)/8. Let p(h) = h - 3. Let k be p(7). Suppose -87 = -k*g + x. What is the greatest common factor of g and 11?
11
Let u = 8 + -6. Suppose 4*t = 3*n - 273, -5*t = -u*n + 179 - 4. Let m be (2 + -7)*76/(-10). Calculate the highest common divisor of m and n.
19
Let y be ((-4)/(-8))/((-3)/6). Let i be (-15*(2 - y))/(-1). Let d(k) = -k**2 + 5*k - 1. Let g be d(3). Calculate the highest common factor of g and i.
5
Suppose 39 = o - 2*c, -3*c = 4*o - 6*c - 171. Let v(t) = 3*t - 12. Let z be v(5). Let j be 2/(z/((-27)/(-2))). What is the highest common divisor of o and j?
9
Let j be ((-14)/(-5) - 1/(-5)) + 5. Calculate the highest common divisor of j and 8.
8
Let r(t) = 6*t - 82. Let x be r(22). Calculate the highest common factor of x and 100.
50
Let l be (-3)/2*(-9 + 1). Calculate the highest common factor of 96 and l.
12
Suppose -2*v - 10 = -3*k + 23, 2*v = 2*k - 22. Let h be (0 - 0/1) + 11. Calculate the highest common divisor of k and h.
11
Let u(i) = 128*i - 14. Let k be u(2). Calculate the greatest common factor of 22 and k.
22
Let f(n) = n + 6. Let s be 2/(-3)*(-6)/(-1). Let u be f(s). What is the greatest common divisor of 2 and u?
2
Let z = 10 + -2. What is the greatest common factor of z and 40?
8
Let f be ((-18)/5)/(6/(-220)). What is the greatest common divisor of 12 and f?
12
Suppose -7*a + 59 = -53. What is the highest common divisor of a and 48?
16
Suppose 153 = 9*s - 603. Calculate the highest common divisor of s and 24.
12
Let j be 2/8 + 30/8. Let m(o) = o**2 - 3*o - 9. Let b be m(6). Suppose 3*c - 15 = b. Calculate the greatest common divisor of j and c.
4
Let x be (-65)/26*(1 + -15). Suppose 0*f - f = -14. What is the highest common factor of x and f?
7
Let n(x) = 45*x**2. Let p be n(1). Suppose -4*s - p + 269 = 0. What is the highest common factor of 7 and s?
7
Let i(a) = -96*a + 18. Let o be i(-6). Calculate the highest common divisor of 54 and o.
54
Let l(n) = n**3 + 11*n**2 - 13*n - 8. Let m be l(-12). What is the highest common factor of 32 and m?
4
Let d = -3 + 5. Let l(t) = 4*t - 1. Let n be l(d). Suppose 2*p + 137 = 3*m, 0 = -3*p + 5 + 10. Calculate the greatest common divisor of n and m.
7
Let i(h) = -2*h**3 + 2*h**3 + h + 7*h**2 - 5 - h**3. Let g be i(7). Calculate the greatest common factor of 14 and g.
2
Let h(v) = -v**3 - 7*v**2 - 7*v + 4. Let g be h(-6). Calculate the greatest common divisor of g and 10.
10
Let f be 2/(-4) + 18/36. Let q = 29 - f. Calculate the greatest common factor of q and 58.
29
Suppose 2*z + p = -3*p + 14, 5*z + p = -1. Let h be (-1)/(-2) - z/2. Suppose -2 = -c - h. Calculate the greatest common factor of c and 5.
1
Let i(a) be the second derivative of -a**3/6 + 19*a**2/2 + 8*a. Let l be i(7). What is the highest common divisor of 96 and l?
12
Suppose -12 = -8*x + 5*x. What is the highest common divisor of x and 6?
2
Suppose 5*f - 90 + 31 = -z, 0 = 5*z + 5*f - 315. Calculate the highest common divisor of z and 32.
32
Suppose -5*t + 2*j = 3*j - 277, 0 = -4*j + 8. Let s be ((-7)/(-3))/(4/12). Let q = 15 + s. Calculate the greatest common divisor of q and t.
11
Let t be 2 - 1 - -1 - -3. Suppose -3*i + 44 = -i - 4*x, t*x + 34 = i. Calculate the greatest common factor of i and 35.
7
Let u = 5 - 0. Suppose -110 - 130 = -u*l. Let v = l - 27. Calculate the highest common divisor of 3 and v.
3
Suppose 0 = -4*q - 4*g + 15 + 125, 3*g + 9 = 0. Calculate the greatest common divisor of q and 57.
19
Suppose -4*v + 39 = -37. What is the highest common divisor of v and 247?
19
Let w = 21 + -11. Let d be (0 - 2 - -7) + -2. Suppose d*u - 30 = u. Calculat